ate the remainder when 5842 is divided by 346.
306
What is the remainder when 44307 is divided by 2769?
3
What is the remainder when 110429 is divided by 68?
65
Calculate the remainder when 1738 is divided by 310.
188
Calculate the remainder when 86674 is divided by 220.
214
Calculate the remainder when 10186 is divided by 463.
0
Calculate the remainder when 557 is divided by 120.
77
Calculate the remainder when 91 is divided by 18.
1
What is the remainder when 14317 is divided by 1295?
72
Calculate the remainder when 4784 is divided by 195.
104
Calculate the remainder when 37105 is divided by 269.
252
Calculate the remainder when 16308 is divided by 209.
6
Calculate the remainder when 502 is divided by 287.
215
Calculate the remainder when 1533 is divided by 141.
123
Calculate the remainder when 4383608 is divided by 70.
68
What is the remainder when 62997 is divided by 5232?
213
Calculate the remainder when 7879 is divided by 1374.
1009
What is the remainder when 840 is divided by 7?
0
Calculate the remainder when 11738 is divided by 154.
34
Calculate the remainder when 40800 is divided by 601.
533
What is the remainder when 91857 is divided by 481?
467
Calculate the remainder when 10431 is divided by 1302.
15
What is the remainder when 643878 is divided by 321933?
12
Calculate the remainder when 6297 is divided by 992.
345
What is the remainder when 12219 is divided by 582?
579
Calculate the remainder when 48042 is divided by 163.
120
What is the remainder when 4577 is divided by 45?
32
What is the remainder when 4528 is divided by 344?
56
What is the remainder when 378113 is divided by 1212?
1181
Calculate the remainder when 1297 is divided by 448.
401
What is the remainder when 964 is divided by 232?
36
What is the remainder when 4197 is divided by 524?
5
Calculate the remainder when 48280 is divided by 77.
1
What is the remainder when 2994052 is divided by 33?
28
Calculate the remainder when 127829 is divided by 2905.
9
Calculate the remainder when 15469 is divided by 7335.
799
What is the remainder when 3663 is divided by 1828?
7
Calculate the remainder when 6665 is divided by 445.
435
What is the remainder when 23227 is divided by 5?
2
Calculate the remainder when 517973 is divided by 24.
5
Calculate the remainder when 29456 is divided by 421.
407
What is the remainder when 32330 is divided by 577?
18
What is the remainder when 39269 is divided by 20?
9
What is the remainder when 6081 is divided by 2995?
91
Calculate the remainder when 98086 is divided by 11.
10
Calculate the remainder when 14164 is divided by 71.
35
What is the remainder when 15077 is divided by 232?
229
Calculate the remainder when 36278 is divided by 139.
138
Calculate the remainder when 12661 is divided by 21.
19
What is the remainder when 10077 is divided by 13?
2
What is the remainder when 884896 is divided by 14?
12
What is the remainder when 1202 is divided by 117?
32
Calculate the remainder when 389306 is divided by 2403.
20
What is the remainder when 185808 is divided by 170?
168
Calculate the remainder when 38295 is divided by 12765.
0
What is the remainder when 657692 is divided by 1054?
1050
What is the remainder when 522 is divided by 405?
117
What is the remainder when 1048 is divided by 843?
205
What is the remainder when 17584 is divided by 704?
688
What is the remainder when 5458 is divided by 1363?
6
Calculate the remainder when 12790 is divided by 800.
790
Calculate the remainder when 490229 is divided by 559.
545
What is the remainder when 35773 is divided by 80?
13
Calculate the remainder when 13112 is divided by 6541.
30
Calculate the remainder when 5726 is divided by 636.
2
Calculate the remainder when 465737 is divided by 52.
25
Calculate the remainder when 774596 is divided by 3797.
8
What is the remainder when 88551 is divided by 524?
519
What is the remainder when 21881 is divided by 456?
449
Calculate the remainder when 41406 is divided by 5896.
134
What is the remainder when 3308976 is divided by 681?
678
What is the remainder when 76947 is divided by 570?
567
What is the remainder when 1058977 is divided by 264743?
5
What is the remainder when 4200 is divided by 687?
78
What is the remainder when 191 is divided by 12?
11
Calculate the remainder when 4905808 is divided by 182.
180
Calculate the remainder when 4519 is divided by 34.
31
What is the remainder when 15708 is divided by 722?
546
Calculate the remainder when 65294 is divided by 13.
8
What is the remainder when 956519 is divided by 239129?
3
Calculate the remainder when 21355 is divided by 9.
7
What is the remainder when 26630 is divided by 351?
305
What is the remainder when 9208 is divided by 1031?
960
What is the remainder when 686 is divided by 331?
24
Calculate the remainder when 118555 is divided by 590.
555
What is the remainder when 61089 is divided by 41?
40
Calculate the remainder when 6752 is divided by 904.
424
What is the remainder when 234992 is divided by 11749?
12
Calculate the remainder when 6511 is divided by 56.
15
Calculate the remainder when 18930 is divided by 757.
5
Calculate the remainder when 13123 is divided by 580.
363
Calculate the remainder when 18486 is divided by 1150.
86
What is the remainder when 2564352 is divided by 29?
27
Calculate the remainder when 15337 is divided by 167.
140
What is the remainder when 7646 is divided by 39?
2
What is the remainder when 469520 is divided by 3?
2
What is the remainder when 2966 is divided by 214?
184
Calculate the remainder when 28512 is divided by 2591.
11
What is the remainder when 58589 is divided by 105?
104
Calculate the remainder when 16213 is divided by 105.
43
Calculate the remainder when 3598 is divided by 872.
110
Calculate the remainder when 165 is divided by 30.
15
What is the remainder when 73161 is divided by 36573?
15
What is the remainder when 12674 is divided by 667?
1
Calculate the remainder when 862029 is divided by 130.
129
What is the remainder when 43420 is divided by 251?
248
What is the remainder when 56206 is divided by 2248?
6
What is the remainder when 14668 is divided by 942?
538
Calculate the remainder when 40561 is divided by 63.
52
What is the remainder when 121503 is divided by 30372?
15
What is the remainder when 9296 is divided by 492?
440
What is the remainder when 890 is divided by 443?
4
What is the remainder when 17383 is divided by 74?
67
What is the remainder when 22827 is divided by 761?
758
What is the remainder when 227610 is divided by 227609?
1
What is the remainder when 11269 is divided by 39?
37
What is the remainder when 20156574 is divided by 17?
14
What is the remainder when 10713 is divided by 203?
157
What is the remainder when 7607 is divided by 602?
383
Calculate the remainder when 4383 is divided by 362.
39
What is the remainder when 1821 is divided by 262?
249
Calculate the remainder when 57715 is divided by 20.
15
What is the remainder when 730 is divided by 292?
146
Calculate the remainder when 20556 is divided by 277.
58
Calculate the remainder when 1000910 is divided by 200181.
5
Calculate the remainder when 20735 is divided by 94.
55
Calculate the remainder when 3909617 is divided by 130.
127
Calculate the remainder when 158928 is divided by 208.
16
What is the remainder when 9147 is divided by 3293?
2561
Calculate the remainder when 7648 is divided by 1910.
8
What is the remainder when 1239945 is divided by 147?
0
What is the remainder when 38723 is divided by 596?
579
Calculate the remainder when 7466 is divided by 191.
17
Calculate the remainder when 4687 is divided by 529.
455
What is the remainder when 85093 is divided by 83?
18
Calculate the remainder when 181060 is divided by 126.
124
Calculate the remainder when 34159 is divided by 39.
34
Calculate the remainder when 28422 is divided by 92.
86
Calculate the remainder when 152544 is divided by 25424.
0
Calculate the remainder when 19386 is divided by 862.
422
Calculate the remainder when 15267 is divided by 299.
18
What is the remainder when 51336 is divided by 181?
113
What is the remainder when 17722 is divided by 4?
2
What is the remainder when 10563 is divided by 5279?
5
Calculate the remainder when 8128 is divided by 67.
21
Calculate the remainder when 1725 is divided by 289.
280
Cal